 is the ten thousands digit of 17924010?
2
What is the tens digit of 1033536?
3
What is the hundreds digit of 1416921?
9
What is the thousands digit of 702171?
2
What is the ten thousands digit of 921361?
2
What is the thousands digit of 183331?
3
What is the units digit of 181649?
9
What is the ten thousands digit of 1042154?
4
What is the hundred thousands digit of 239508?
2
What is the units digit of 734502?
2
What is the ten thousands digit of 206128?
0
What is the hundred thousands digit of 2170911?
1
What is the thousands digit of 1648111?
8
What is the ten thousands digit of 1168761?
6
What is the hundreds digit of 8029?
0
What is the thousands digit of 10293735?
3
What is the hundreds digit of 34934530?
5
What is the hundreds digit of 136584?
5
What is the thousands digit of 3001243?
1
What is the thousands digit of 1978375?
8
What is the thousands digit of 8340854?
0
What is the hundred thousands digit of 124685?
1
What is the millions digit of 6495592?
6
What is the millions digit of 7928943?
7
What is the thousands digit of 527527?
7
What is the units digit of 707537?
7
What is the tens digit of 178435?
3
What is the tens digit of 6021073?
7
What is the tens digit of 397296?
9
What is the hundred thousands digit of 8924709?
9
What is the ten thousands digit of 251638?
5
What is the thousands digit of 271621?
1
What is the tens digit of 582308?
0
What is the tens digit of 18997505?
0
What is the units digit of 241885?
5
What is the hundred thousands digit of 205302?
2
What is the millions digit of 11477450?
1
What is the ten thousands digit of 115521?
1
What is the units digit of 8333676?
6
What is the ten thousands digit of 9434721?
3
What is the tens digit of 300679?
7
What is the ten thousands digit of 552918?
5
What is the hundred thousands digit of 630543?
6
What is the tens digit of 1130006?
0
What is the units digit of 4621032?
2
What is the millions digit of 25000063?
5
What is the units digit of 4315210?
0
What is the units digit of 7264021?
1
What is the units digit of 473938?
8
What is the thousands digit of 460894?
0
What is the units digit of 442989?
9
What is the hundreds digit of 7813260?
2
What is the hundred thousands digit of 1973045?
9
What is the thousands digit of 2207036?
7
What is the hundreds digit of 73152?
1
What is the tens digit of 418505?
0
What is the hundred thousands digit of 19120260?
1
What is the hundreds digit of 456053?
0
What is the thousands digit of 185523?
5
What is the tens digit of 674213?
1
What is the ten thousands digit of 1847095?
4
What is the hundreds digit of 337190?
1
What is the millions digit of 18216634?
8
What is the millions digit of 16507639?
6
What is the millions digit of 11305427?
1
What is the units digit of 3280765?
5
What is the units digit of 331812?
2
What is the hundred thousands digit of 1883346?
8
What is the units digit of 117551?
1
What is the thousands digit of 5199153?
9
What is the units digit of 2570690?
0
What is the hundreds digit of 1037461?
4
What is the tens digit of 19932588?
8
What is the thousands digit of 7592632?
2
What is the ten thousands digit of 6296497?
9
What is the hundreds digit of 1278493?
4
What is the hundreds digit of 66040?
0
What is the thousands digit of 780730?
0
What is the ten thousands digit of 115152?
1
What is the tens digit of 16976631?
3
What is the hundred thousands digit of 420347?
4
What is the millions digit of 13784967?
3
What is the hundreds digit of 1106663?
6
What is the hundred thousands digit of 411097?
4
What is the units digit of 8889739?
9
What is the units digit of 471399?
9
What is the hundred thousands digit of 251958?
2
What is the ten thousands digit of 10120871?
2
What is the thousands digit of 434241?
4
What is the hundreds digit of 6883110?
1
What is the units digit of 709269?
9
What is the tens digit of 230346?
4
What is the millions digit of 10826628?
0
What is the units digit of 281318?
8
What is the ten thousands digit of 44970?
4
What is the units digit of 6302845?
5
What is the hundred thousands digit of 17435431?
4
What is the ten thousands digit of 163840?
6
What is the hundreds digit of 3249480?
4
What is the thousands digit of 171502?
1
What is the thousands digit of 877036?
7
What is the thousands digit of 6565672?
5
What is the hundreds digit of 1491791?
7
What is the ten thousands digit of 11079225?
7
What is the hundred thousands digit of 4050645?
0
What is the millions digit of 6573720?
6
What is the units digit of 563891?
1
What is the tens digit of 8595156?
5
What is the hundred thousands digit of 216146?
2
What is the tens digit of 461762?
6
What is the ten thousands digit of 230266?
3
What is the hundred thousands digit of 4596039?
5
What is the units digit of 667778?
8
What is the hundred thousands digit of 274208?
2
What is the millions digit of 2763868?
2
What is the units digit of 5634697?
7
What is the hundred thousands digit of 897280?
8
What is the thousands digit of 456958?
6
What is the hundreds digit of 5481116?
1
What is the tens digit of 942663?
6
What is the tens digit of 4198912?
1
What is the ten millions digit of 15778860?
1
What is the tens digit of 274496?
9
What is the ten thousands digit of 3313669?
1
What is the units digit of 405639?
9
What is the units digit of 347847?
7
What is the hundreds digit of 6544459?
4
What is the hundred thousands digit of 12260413?
2
What is the units digit of 470444?
4
What is the hundreds digit of 15179862?
8
What is the ten thousands digit of 3570187?
7
What is the tens digit of 4477250?
5
What is the thousands digit of 786646?
6
What is the units digit of 864449?
9
What is the hundreds digit of 2468802?
8
What is the hundreds digit of 7265070?
0
What is the units digit of 1253255?
5
What is the hundred thousands digit of 668055?
6
What is the tens digit of 44715913?
1
What is the ten millions digit of 18200090?
1
What is the thousands digit of 12138?
2
What is the tens digit of 1500142?
4
What is the tens digit of 1358621?
2
What is the ten thousands digit of 3135981?
3
What is the tens digit of 255802?
0
What is the hundred thousands digit of 5319819?
3
What is the tens digit of 231296?
9
What is the hundred thousands digit of 628234?
6
What is the tens digit of 954069?
6
What is the hundred thousands digit of 6620515?
6
What is the thousands digit of 62655?
2
What is the units digit of 468174?
4
What is the thousands digit of 749302?
9
What is the hundreds digit of 329796?
7
What is the units digit of 172851?
1
What is the thousands digit of 113361?
3
What is the millions digit of 1942288?
1
What is the ten thousands digit of 390537?
9
What is the millions digit of 7044816?
7
What is the tens digit of 157787?
8
What is the ten thousands digit of 260729?
6
What is the units digit of 227384?
4
What is the hundreds digit of 5585494?
4
What is the hundred thousands digit of 385254?
3
What is the hundred thousands digit of 1812278?
8
What is the tens digit of 34719?
1
What is the hundred thousands digit of 905776?
9
What is the tens digit of 1078216?
1
What is the hundreds digit of 278091?
0
What is the ten thousands digit of 647121?
4
What is the hundred thousands digit of 1707417?
7
What is the hundreds digit of 10301244?
2
What is the hundred thousands digit of 331918?
3
What is the ten thousands digit of 11691667?
9
What is the hundred thousands digit of 1339555?
3
What is the ten thousands digit of 2696548?
9
What is the tens digit of 30541511?
1
What is the units digit of 3308611?
1
What is the hundreds digit of 72182?
1
What is the thousands digit of 495172?
5
What is the hundreds digit of 5769902?
9
What is the thousands digit of 19625475?
5
What is the units digit of 1019290?
0
What is the hundred thousands digit of 796334?
7
What is the ten thousands digit of 2132383?
3
What is the hundred thousands digit of 10877328?
8
What is the hundreds digit of 275018?
0
What is the hundreds digit of 1491210?
2
What is the hundreds digit of 996619?
6
What is the millions digit of 3499943?
3
What is the tens digit of 199344?
4
What is the hundreds digit of 268155?
1
What is the thousands digit of 7951928?
1
What is the tens digit of 1447268?
6
What is the millions digit of 1076118?
1
What is the hundred thousands digit of 4819174?
8
Wha